
30
Let b(a) = 76*a - 104. Let d be b(8). Calculate the highest common divisor of d and 360.
72
Let x = 40 + 7. Let w = 33 + x. Calculate the greatest common factor of 10 and w.
10
Let o(c) = -c**3 - 7*c**2 + 45*c + 327. Let p be o(-7). Suppose -44 = j - 176. What is the greatest common factor of j and p?
12
Suppose -a + 4*a = 1014. Let f be (583/(-22))/(17/8 + -2). Let o = a + f. What is the highest common factor of o and 21?
21
Let s(t) = 39*t**3 + 2*t**2 - 30*t + 92. Let r be s(3). Calculate the highest common divisor of 37 and r.
37
Suppose -64 = -9*j + 134. Let k be 11/55 - 19/(-5). Suppose -299 = -5*t - k*u - 24, -5*u + 110 = 2*t. What is the greatest common divisor of t and j?
11
Suppose 4*b - 39 = b. Let l be (-20)/8*(-2 - 114). Suppose 0 = -13*s - l + 797. Calculate the highest common factor of b and s.
13
Suppose -3*m - 30 + 24 = 0. Let b be m - -1 - 530/(-5). Calculate the highest common divisor of 21 and b.
21
Suppose 7*b - 8*b + 26 = 0. Calculate the greatest common factor of b and 2.
2
Suppose -8*m + 13*m = 2*i + 320, 3*m - 192 = -2*i. Calculate the highest common factor of m and 928.
32
Let x(q) = q**3 + 10*q**2 - 3. Let m be x(-10). Let s = m + -3. Let f = s - -28. Calculate the greatest common divisor of 22 and f.
22
Let x be 16*(3 + (-3)/(3/1)). What is the highest common factor of x and 1008?
16
Suppose 0 = -4*q - 4*a + 56, -a - 1 = -3. Calculate the highest common divisor of q and 48.
12
Let k = -93 - -107. Calculate the greatest common factor of 7 and k.
7
Let y be -3*(1 + -6 - (-28)/6). What is the highest common divisor of y and 17?
1
Suppose -4*d = -5*f + 3, 2*f + 2*d = -2*f + 18. Suppose 5*m = f*w + 51, 5*m = m + w + 45. What is the greatest common divisor of m and 30?
6
Let j(r) = -13*r**3 + 1. Suppose -1 = 2*h - h. Let m be j(h). Calculate the greatest common divisor of 7 and m.
7
Let j be (-12)/18 + 22/6. Let y be (((-2)/j)/2)/(1/(-102)). Let p = -100 - -151. Calculate the greatest common divisor of p and y.
17
Let w be (34/6)/(1/6). Suppose 0 = -o - 6*n + 4*n + 230, 0 = o - n - 242. What is the highest common divisor of o and w?
34
Suppose -33*g + 3780 = 150. Suppose -z + 2*r = 32, z - 5*r + 15 = -26. Let s = z + 48. What is the greatest common factor of g and s?
22
Suppose -3*w - 3*i + 2 = -49, 5*i = 5*w - 95. Let f(g) = g**3 + g**2 - 3*g + 5. Let u be f(-4). Let v = -22 - u. Calculate the highest common factor of v and w.
9
Let z(o) = o**2 + 10*o + 37. Suppose -2*g - 29 = -3*n, 2*n = -6*g + g - 25. Let u be z(g). What is the highest common factor of u and 48?
16
Suppose -x + i = -1, -3 + 1 = -3*x + 2*i. Suppose x = 2*u + 2*p + 86, -u - p = -2*u - 39. Let t = -19 - u. What is the greatest common factor of 132 and t?
22
Suppose 5*h - 7 = 4*h. Let f be ((-2)/(-1) - 8) + 75 + -6. What is the greatest common divisor of f and h?
7
Suppose 3*m + 70 - 115 = 0. Let w be 2 + -93*(-5)/m. What is the highest common divisor of 3 and w?
3
Let g = 973 + -766. Calculate the greatest common factor of g and 9.
9
Suppose -7*y + 2*y = -10. Suppose 0 = -3*n + y + 1. Calculate the highest common divisor of 1 and n.
1
Suppose -8*r = -7*r - 16. What is the greatest common factor of r and 216?
8
Suppose -2*x - 23 = 57. Let o = -20 - x. Let m be o + 4/(-16)*0. Calculate the greatest common divisor of m and 4.
4
Let v be 11*8/(-4)*1. Let h = 36 + v. Let g(k) = 5*k - 13. Let f be g(h). Calculate the greatest common factor of 19 and f.
19
Let x = -574 + 619. What is the highest common divisor of x and 150?
15
Let g(y) = 45*y + 3. Let w be g(2). Let c = 12 - 6. Suppose -b + c = -25. What is the highest common divisor of w and b?
31
Suppose -3*v - 12 + 54 = 0. Let q(y) = 19*y + 2. Let t(f) = 37*f + 5. Let i(l) = -5*q(l) + 2*t(l). Let w be i(-2). What is the highest common factor of w and v?
14
Let q(a) = a**3 + 3*a**2 + a + 3. Suppose -m + 4*m - 6 = 0. Let c = m - -1. Let g be q(c). What is the greatest common divisor of g and 15?
15
Suppose -4*m = l - 40, 31 = l - m + 1. Let t = -24 + 27. Suppose -4*p - f = -63, -t*f + 34 = 2*p + 5. What is the greatest common divisor of p and l?
16
Let r = -160 - -222. Calculate the highest common factor of r and 682.
62
Let g = -584 + 616. What is the greatest common factor of 2 and g?
2
Let m(v) = v**3 - 6*v**2 + 2*v - 4. Suppose 24 = 3*x + x. Let s be m(x). Calculate the greatest common factor of s and 56.
8
Let g(f) = f - 4. Let t be 8 + 3 + -1 + -2. Let u be g(t). Let r be (u/(-10))/((-7)/105). What is the highest common factor of 12 and r?
6
Let q = 5 - -53. What is the greatest common factor of 464 and q?
58
Let m = -6 + 4405. Calculate the greatest common divisor of 53 and m.
53
Suppose 0 = 2*m + 5*w - 51, -2*m = w - 4*w - 11. Suppose -350 = -m*a + 3*a. What is the highest common divisor of 5 and a?
5
Let v = 42 + -18. Suppose 2 - 58 = 8*o. Let q = 10 + o. What is the greatest common divisor of q and v?
3
Let c be 2/9 + (-40)/18. Let g be (3/c)/(10/(-20)). Let w = -8 - -14. Calculate the highest common divisor of g and w.
3
Let k(i) = 14*i + 6. Let g be k(3). What is the highest common divisor of 176 and g?
16
Suppose -2*l + u + 110 = 0, 2*l - 4*u + 9*u - 122 = 0. Suppose 2*q - 424 = -5*m, 0 = 2*m - q - 119 - 47. What is the highest common factor of m and l?
28
Let n = -30 + 31. Suppose -2*d + 4*t + 100 = 0, 0 = 4*t + 9 - n. Let o(f) = 4*f**2 - f + 1. Let c be o(-4). What is the greatest common divisor of c and d?
23
Let s = 258 - 202. Calculate the highest common factor of s and 84.
28
Let t be (352/(-44))/((-3)/((-81)/(-2))). What is the highest common factor of t and 486?
54
Let c(s) = 5*s**2 - s. Let f be c(1). Suppose -f*b = -2*p - b + 49, 5*p - 175 = -3*b. What is the highest common divisor of p and 80?
16
Suppose 0 = z + 4*c - 24 + 4, -36 = -4*z - 5*c. Suppose z*q = -30 + 118. Calculate the greatest common divisor of q and 11.
11
Suppose 5*o = 0, 5*t - 2*o - o - 30 = 0. Let a be (15/t)/(((-2)/(-1))/4). What is the greatest common factor of 5 and a?
5
Let s = -40 - -523. What is the highest common divisor of 21 and s?
21
Let c(q) = 2*q**2 + 10*q + 9. Let n be c(-5). Let r = -6 + n. What is the highest common factor of r and 6?
3
Let n be -3 + (-1 + 58)*28/84. What is the highest common divisor of 512 and n?
16
Suppose -106*x + 9*x + 35211 = 0. What is the greatest common divisor of x and 3?
3
Let t = -597 - -727. Calculate the greatest common divisor of 26 and t.
26
Let m(v) = -116*v + 957. Let n be m(6). Calculate the highest common divisor of 435 and n.
87
Let n(b) = b**3 - 7*b**2 - 5*b + 3. Let l be n(8). What is the highest common divisor of l and 216?
27
Let h(x) = -x - 6. Let i be h(-7). Let k be (0 + -3 - -44) + -1 - i. What is the greatest common divisor of k and 13?
13
Let l(y) = -y**3 - 4*y**2 - 4*y - 2. Let o be l(-3). Let m = -286 + 287. What is the highest common divisor of m and o?
1
Suppose -4*r - 4 = 0, 2*a - 11 = r + 4*r. Suppose -55 = -5*t - 5*o, -a*t + 46 - 3 = o. What is the greatest common factor of 80 and t?
16
Let i be (2 - 246/15)*-15. Calculate the highest common factor of i and 120.
24
Let s be (6 - 8) + (1 - -2). Let x(i) = s - 1 - 35*i - 1. Let n be x(-1). Calculate the highest common divisor of n and 17.
17
Let d = 4 + -6. Let l(s) = -28*s. Let o be l(d). Let g(x) = 6*x - 4. Let b be g(3). Calculate the greatest common divisor of o and b.
14
Let p(l) = l**2 + 10*l - 31. Let r be p(6). Let h = -29 + r. Calculate the highest common factor of h and 27.
9
Let m be (2/(-6))/((-30)/1530). Let x be ((-357)/(-12))/(2/8). What is the highest common factor of x and m?
17
Let l be ((-2016)/(-35))/(1/10). Suppose -6*o = 6*o - l. Calculate the highest common divisor of o and 8.
8
Let u(i) = i**2 + 8*i - 10. Let o be u(-10). Let z be 10 - o - 330/(-3). Calculate the highest common factor of z and 10.
10
Let s(h) = -h**2 + 5*h - 2. Let y be (2 - 1) + (3 - 0). Let j be s(y). Let k be j/((-16)/(-20))*4. Calculate the highest common factor of k and 20.
10
Suppose -110398 = -31*s - 3*s. Calculate the greatest common factor of 17 and s.
17
Let j be (-9)/((-5)/(-5) + -4). Suppose -j*b = 4*g - 32, 6*b + 37 = 3*g + 5*b. Calculate the greatest common factor of g and 110.
11
Let b = 2 + -1. Suppose 20*x + 209 = 389. What is the highest common factor of b and x?
1
Suppose -5*c = -u + 13